alse
Is 7449195617 a composite number?
False
Is 13692847747 a prime number?
False
Is 4300298921 composite?
False
Is 1311283893 prime?
False
Is 2608167167 composite?
False
Is 1474028557 a prime number?
False
Is 527233349 prime?
False
Is 393769477 a composite number?
False
Is 75112251601 prime?
True
Is 2016889699 prime?
False
Is 4416784877 composite?
True
Is 4814896973 prime?
True
Is 8763652867 prime?
True
Is 12061093601 composite?
False
Is 2625347447 a prime number?
True
Is 8252086747 a composite number?
True
Is 822753983 a prime number?
False
Is 15391296467 prime?
True
Is 381610469 composite?
False
Is 170147821 prime?
False
Is 54709155569 prime?
False
Is 4412750279 a composite number?
True
Is 28958569553 a prime number?
False
Is 45508190431 composite?
True
Is 17973574361 composite?
False
Is 559574033 a prime number?
True
Is 90233421691 composite?
True
Is 12107020459 a composite number?
True
Is 6101235721 a composite number?
True
Is 35399320149 composite?
True
Is 1020504263 composite?
True
Is 382356823 a prime number?
True
Is 11557106411 prime?
True
Is 25889919719 a prime number?
True
Is 700651453 a prime number?
False
Is 422146447 a composite number?
True
Is 129470599 prime?
False
Is 177539861 composite?
False
Is 17438423339 composite?
False
Is 376363342 prime?
False
Is 62378322719 composite?
False
Is 521684419 a prime number?
True
Is 40218359 a composite number?
False
Is 4055551559 a composite number?
True
Is 564528557 composite?
True
Is 32039082109 composite?
False
Is 9838664767 composite?
False
Is 371001649 prime?
True
Is 54065428691 a prime number?
False
Is 16714753255 prime?
False
Is 22547602577 a prime number?
True
Is 103799932591 composite?
True
Is 67202063 composite?
False
Is 7199028511 a composite number?
False
Is 105550464281 a composite number?
False
Is 137778653 composite?
True
Is 374775679 prime?
True
Is 5348609711 a prime number?
True
Is 19034679739 a composite number?
False
Is 24044280031 composite?
True
Is 420787123 prime?
True
Is 2354707001 prime?
True
Is 1416276479 prime?
True
Is 2113235321 a prime number?
False
Is 1725832291 composite?
True
Is 798705319 a composite number?
False
Is 571631513 a composite number?
True
Is 533809483 a prime number?
True
Is 7011932971 a prime number?
True
Is 88475033 composite?
False
Is 31675105873 a prime number?
True
Is 11685365053 a composite number?
True
Is 2838491427 composite?
True
Is 21247768145 prime?
False
Is 2284197191 prime?
True
Is 127100053 a composite number?
False
Is 28999549361 a prime number?
False
Is 563645987 prime?
True
Is 2612312731 a composite number?
True
Is 1209751391 composite?
True
Is 2267240359 composite?
False
Is 9799144261 prime?
False
Is 2864308361 a composite number?
True
Is 1789095761 prime?
False
Is 330571303 composite?
True
Is 4631658319 prime?
False
Is 1081237957 composite?
False
Is 1773694333 prime?
False
Is 209067366923 a composite number?
True
Is 1954637683 a composite number?
True
Is 22913331535 composite?
True
Is 200296571 composite?
False
Is 5867952719 prime?
True
Is 14512902367 a prime number?
True
Is 7357831397 composite?
True
Is 594117661 a prime number?
False
Is 170673479 prime?
True
Is 125333649733 a prime number?
False
Is 413570631 a prime number?
False
Is 315472013 a prime number?
True
Is 130582217 composite?
False
Is 1030878811 a prime number?
True
Is 4059323999 prime?
True
Is 83415023 a prime number?
True
Is 3026330377 prime?
False
Is 611950102 prime?
False
Is 43973002693 a composite number?
True
Is 586476481 composite?
True
Is 98381779193 a composite number?
False
Is 2056340161 a composite number?
False
Is 2187314243 composite?
False
Is 54619010741 a prime number?
False
Is 9595314961 composite?
True
Is 1291058066 prime?
False
Is 10037615017 composite?
False
Is 28671410566 a prime number?
False
Is 56878992251 a composite number?
False
Is 1052841899 prime?
True
Is 23585736535 composite?
True
Is 2044310591 composite?
False
Is 13212407261 composite?
False
Is 622380586 a prime number?
False
Is 53471893393 a composite number?
False
Is 4476900611 prime?
True
Is 250112677 a prime number?
True
Is 57156343609 a composite number?
True
Is 14386291121 a composite number?
True
Is 5029425683 a composite number?
False
Is 20700229663 prime?
False
Is 115594720067 a composite number?
False
Is 36300023 composite?
False
Is 185461097 a prime number?
True
Is 15855133663 composite?
True
Is 414666269 prime?
False
Is 9943269881 composite?
False
Is 37685545171 prime?
True
Is 4748468383 a composite number?
False
Is 520188509 a prime number?
False
Is 872472319 a prime number?
False
Is 6911422745 composite?
True
Is 210703513 a composite number?
True
Is 62386554847 prime?
False
Is 771599845 a composite number?
True
Is 6446697769 a composite number?
False
Is 18731954923 composite?
True
Is 966652931 prime?
True
Is 80593300501 prime?
False
Is 5507342629 composite?
True
Is 392492531 prime?
True
Is 3355055443 a composite number?
True
Is 16636926301 a composite number?
False
Is 1799526661 a composite number?
False
Is 3427819243 prime?
False
Is 51382270187 composite?
True
Is 204902857 a composite number?
False
Is 426372757 a prime number?
False
Is 1165971641 a composite number?
False
Is 10167853049 a prime number?
True
Is 178144235 prime?
False
Is 40249867 composite?
True
Is 146849471 composite?
True
Is 34843754117 prime?
True
Is 2413210213 a composite number?
False
Is 14713874063 prime?
False
Is 1448501651 a composite number?
True
Is 4887095803 composite?
True
Is 17220309893 prime?
False
Is 54702648123 a prime number?
False
Is 235362523 composite?
True
Is 91154001187 a prime number?
False
Is 40221618383 a composite number?
True
Is 134821459903 a composite number?
True
Is 347197791 a prime number?
False
Is 29470244261 composite?
True
Is 29701067633 composite?
True
Is 6317662123 a prime number?
False
Is 22860541577 a prime number?
True
Is 14895585559 prime?
False
Is 43101351707 a prime number?
False
Is 15242374093 prime?
True
Is 19062656057 composite?
False
Is 229061611 a composite number?
False
Is 3387086513 composite?
True
Is 44767648811 composite?
True
Is 1221329117 a prime number?
False
Is 654389187 a prime number?
False
Is 1176483851 composite?
False
Is 24870371047 prime?
True
Is 1220131487 a composite number?
True
Is 92557871947 a prime number?
True
Is 20765530529 composite?
True
Is 3180369793 a prime number?
True
Is 13213099811 prime?
True
Is 1921667203 prime?
False
Is 524820083 composite?
False
Is 174433872427 prime?
True
Is 154344230561 a prime number?
True
Is 642055321 composite?
False
Is 1800146501 composite?
True
Is 499188047 a prime number?
False
Is 28883242583 a prime number?
False
Is 221058491 a prime number?
True
Is 5172740459 a prime number?
True
Is 17689637842 composite?
True
Is 6495220163 prime?
True
Is 1043098763 prime?
False
Is 291322019 composite?
True
Is 57441267833 a composite number?
True
Is 1141697861 a composite number?
True
Is 121284389 composite?
True
Is 10006537457 a prime number?
False
Is 17811119179 a prime number?
False
Is 12873486019 a prime number?
False
Is 14752351 a composite number?
True
Is 27778303109 a composite number?
True
Is 1328327569 composite?
True
Is 15577846247 a composite number?
True
Is 15258957929 composite?
False
Is 4658351147 composite?
False
Is 390643319 a prime number?
False
Is 109634741 composite?
False
Is 79037687 prime?
False
Is 2963443673 prime?
True
Is 2378636003 a prime number?
True
Is 1175654917 composite?
False
Is 3657233719 composite?
False
Is 72951757 a prime number?
True
Is 207575210741 prime?
True
Is 157727593 prime?
True
Is 11680252213 a composite number?
True
Is 2249615773 prime?
False
Is 703526017 a composite number?
True
Is 32233391543 composite?
False
Is 74273000863 prime?
True
Is 37995040451 composite?
False
Is 92919049 a composite number?
True
Is 5810753861 prime?
False
Is 1166505427 prime?
False
Is 8443815839 composite?
True
Is 59082294161 prime?
False
Is 48534491899 a prime number?
True
Is 12340311161 composite?
False
Is 29007177443 prime?
True
Is 7408282247 a prime number?
True
Is 2303750689 composite?
False
Is 18666600467 prime?
True
Is 818158267 composite?
False
Is 1096135171 prime?
False
Is 10031445797 prime?
True
Is 3115204369 a prime number?
False
Is 1471379083 a composite number?
True
Is 126164329 